e 0 = 9*z - 3*z. Suppose z = 4*k - 4*t - 656, 5*k - 6*t - 808 = -4*t. What is the highest common factor of 10 and k?
10
Let m(o) = 192*o - 1632. Let b be m(9). What is the highest common divisor of b and 6624?
96
Let z = 2 + -1. Suppose -12 = -4*g + b, -4*b - 8 = 3*g + 2. Let w be (-7 + 6)*(-2)/g. Calculate the highest common factor of z and w.
1
Let t = -83 - -53. Let p = 44 + t. Let l = 90 - -22. What is the highest common divisor of p and l?
14
Let o(z) = -z**3 + 85 - 238 + 79 + 10*z**2 + 10*z + 91. Let i be o(11). Calculate the highest common factor of 246 and i.
6
Suppose -1364*n = -1393*n + 7975. Let a be (-21)/7 - -84*2. Calculate the highest common divisor of a and n.
55
Let t = 1276 - 724. Let p = t + -516. Suppose 3*q + 4*g + 3 = -5, q - 5*g = 29. What is the highest common divisor of q and p?
4
Suppose -425 = -2*r - 3*f, 4*f - 3*f = r - 225. Calculate the greatest common divisor of 319 and r.
11
Let k = 544 - 149. Let f = k + -304. What is the greatest common factor of f and 39?
13
Suppose -16*k = -23*k + 28. Suppose -4*s + 157 = -f, k*s - 127 = -3*f + 42. What is the greatest common divisor of 8 and s?
8
Let x = -163 - -168. Suppose -2*s = -5*b - 150, 0 = -x*s - b + 2*b + 398. Calculate the highest common divisor of s and 32.
16
Let r(y) = -y**3 - 3*y**2 - 16*y + 14. Let p be r(-8). Suppose -8*z + p + 562 = 0. What is the greatest common divisor of z and 32?
32
Suppose -2*j = 2*z - 118, 0 = -49*j + 45*j - 2*z + 244. What is the greatest common factor of j and 576?
9
Suppose -9*u = 367 - 7425 - 142. Calculate the greatest common divisor of u and 120.
40
Let y be 1 + 18 + (-2 - 2). Let q = 14384 + -14366. Calculate the highest common factor of y and q.
3
Suppose 5*g + 25 = 0, -z - 38 + 30 = 4*g. Calculate the greatest common factor of z and 948.
12
Suppose 10*u + u = 0. Suppose 3*g - 36 = -5*p + 21, u = -2*g + 4*p + 60. Calculate the greatest common factor of 16 and g.
8
Suppose -5*o - 3 + 16 = -f, -3*o + 18 = -4*f. Let y = 26 + o. Let q = 12636 + -12538. Calculate the highest common factor of y and q.
14
Let s(n) = -306*n - 34 + 598*n - 305*n - 25 + n**2. Let i be s(17). Calculate the greatest common divisor of i and 666.
9
Suppose 3 = -21*g - 102. Let c(n) = n**3 + 9*n**2 + 16*n - 11. Let t be c(g). Let i be (-1)/(-4) + 1150/8. Calculate the highest common factor of t and i.
9
Let x = 30949 + -24087. What is the highest common factor of 470 and x?
94
Suppose -2112 = 333*u - 355*u. Calculate the highest common factor of 900 and u.
12
Let t(d) = -3*d**3 - 7*d**2 + 7*d + 8. Let a be -2*6/4 - 1. Let k be t(a). Suppose -5*o + 4*o = -12. What is the greatest common factor of o and k?
12
Suppose -487*i + 493*i = 0. Suppose -5*d - 15 = 0, i = 4*h - 6*h + 2*d + 66. What is the greatest common divisor of h and 140?
10
Let y be (-11)/((-7)/(21/18) - -5). Let p be y/(-33) - (-340)/12. Calculate the highest common divisor of 224 and p.
28
Suppose 13*p + 1687 - 153 = 0. Let a = 160 + p. Let i = 122 - 66. Calculate the greatest common divisor of i and a.
14
Suppose 42*o - 242440 = -30*o + 17*o. What is the highest common factor of 29 and o?
29
Suppose -46*a = -44*a - 210. Let s = 112 - a. Calculate the greatest common divisor of 224 and s.
7
Let j(q) = -q**3 + 19*q**2 - q + 73. Let f be j(-17). Calculate the highest common factor of f and 792.
198
Let n be (858/9*-3)/(-2). Suppose 0 = -5*k - 33*t + 31*t + 49, 5*k - 61 = 2*t. What is the greatest common divisor of n and k?
11
Let n(k) = -k**2 + 8*k + 9. Let j be n(8). Let i be 3 - 3*3/(-9). Suppose -i*t + 4*z + 24 = z, t + z = 13. What is the highest common factor of t and j?
9
Let a = -205 - -286. Let y = 61 - 126. Let x = a + y. Calculate the greatest common factor of 144 and x.
16
Let c be 4 - ((-2)/8 + (-243)/36). Let u(w) = -w**2 + 12*w + 37. Let v be u(c). Calculate the highest common divisor of 6 and v.
6
Let b(y) = -y**3 + y**2 - y + 31. Let n be b(0). Let q be (-1)/1 + (-1 + 69 - 3). Let z = q - -29. What is the greatest common factor of n and z?
31
Let a = 35189 + -32274. Calculate the highest common divisor of 88 and a.
11
Let j be 196/(12/3) + (2 - -3). Calculate the highest common factor of j and 2646.
54
Let p be (3/(-4))/(5 + (-172)/32). Let u be (-1 - p)*26/12*-2. What is the greatest common factor of u and 65?
13
Suppose -103*o - 156 = -99*o. Let p = o + 27. Let n be 655/4 - 3/p. What is the highest common divisor of 41 and n?
41
Let g(k) = -6*k - 16. Let i be g(-1). Let q be 1/(-2) + (-105)/i. What is the highest common factor of q and 4?
2
Suppose -4*v - 6206 + 2567 = -5*k, 0 = 5*k - 5*v - 3635. Calculate the greatest common divisor of 51 and k.
17
Let i = 13830 + -7337. Calculate the greatest common divisor of 172 and i.
43
Let k(y) = y**3 + 31*y**2 + 145*y + 256. Let l be k(-22). Calculate the highest common factor of 114 and l.
6
Let v(h) = -h**3 + 8*h**2 + 6*h + 38. Let d be v(9). Suppose 2*p + 3*p - 40 = -5*b, 4*p = b + 7. What is the highest common divisor of d and p?
1
Let j(q) = 59*q**2 - 9*q + 10. Let r be j(1). Calculate the highest common factor of 210 and r.
30
Let t be ((160 - -4)/(-2))/(-2). Let u = 45 - t. Suppose -2*j = -7*j + u*p + 209, j - 41 = p. Calculate the greatest common factor of j and 30.
15
Let x(w) = 2*w**3 - 8*w**2 + 3*w - 1. Let d(t) = t + 8. Let u be d(-4). Let n be x(u). Calculate the greatest common divisor of 99 and n.
11
Let y = -245 - -251. Suppose -2*a = i - 60, -y*a + i = -4*a - 52. What is the highest common factor of 7 and a?
7
Let n(u) = 3*u - 40. Let b be n(12). Let h be (-4)/(b/47) + (-4)/4. Let l = h - 31. Calculate the greatest common divisor of 15 and l.
15
Suppose 5*w + 339 = 4*j + 1550, -2*j = 4*w - 974. What is the greatest common factor of 1539 and w?
81
Let s = -789 - -799. Let g be (-1)/((1 - s)/9765). What is the highest common divisor of 31 and g?
31
Let r(i) = i**3 - 5*i**2 + 3*i + 3. Let v be r(5). Suppose -24 + 28 = -4*q, 7*q = -3*m + 5. What is the highest common divisor of v and m?
2
Suppose 44*b + 6546 = 25950. What is the greatest common divisor of b and 9?
9
Let t be (32/(-12))/(128136/16020 + -8). What is the highest common divisor of 20 and t?
20
Let s(h) = 1468*h**2 - 142*h - 285. Let z be s(-2). What is the highest common factor of z and 57?
57
Suppose -51*l - 3*z = -48*l - 7707, -2564 = -l - 2*z. Calculate the highest common divisor of 2106 and l.
234
Let y(a) = -185*a**3 + 38*a**2 + 10*a + 3. Let d be y(-2). Calculate the greatest common divisor of d and 170.
85
Let m(y) = -13*y**3 - 2*y + 5. Let b be m(2). Let l = -11 - b. What is the greatest common divisor of 138 and l?
46
Let g be (760/(-24))/(4/(-24)). Calculate the highest common factor of 836 and g.
38
Let h = 18 - -5. Let b(r) = 5*r - 26. Let i be b(6). Suppose 92 = l + g - i*g, -l - 4*g = -92. What is the highest common factor of l and h?
23
Let k(w) = 10*w**2 - 331*w + 99. Let z be k(50). Calculate the highest common factor of z and 103.
103
Suppose -2*i - 115 = -3*f, 4*i - 15 = -3*f + 70. Calculate the greatest common divisor of f and 98.
7
Suppose -2*h + 469 = -9*h. Let m = -48 - h. Let p = -15 - -91. Calculate the highest common factor of m and p.
19
Suppose -4*c = 24 + 4. Let l be 2/c + (-44)/(-7). Let p = 1890 + -1884. Calculate the greatest common factor of p and l.
6
Let a be (-12)/(-1) - (1 - 0). Let k = 21 - a. Let u(r) = -r**3 - 2*r**2 - 676*r + 10. Let v be u(0). What is the greatest common factor of k and v?
10
Let h be 13/2 + 4/(-8). Let m = h + -4. Let a = 644 - 630. What is the highest common factor of a and m?
2
Suppose 35*k = 40*k. Suppose 3*o + 9 - 24 = k. Suppose -o*i + 207 = -2*r, -4*i + 163 = -0*r + r. Calculate the highest common factor of i and 41.
41
Suppose 4*u - 161*u + 358425 - 21032 = 0. Calculate the greatest common divisor of 56 and u.
7
Let q be (-6)/(-14) + (-93)/21. Let j(x) = -10*x + 11. Let p be j(q). Let c = p + 9. What is the greatest common factor of c and 40?
20
Let d(w) = 840*w**2 + 25*w + 24. Let g(t) = 1679*t**2 + 51*t + 49. Let r(a) = -5*d(a) + 3*g(a). Let h be r(-1). What is the greatest common divisor of 19 and h?
19
Let b(x) = 6*x**2 - x**3 - 108*x + 4 + 120*x + 12. Let y be b(7). Calculate the greatest common divisor of 34 and y.
17
Suppose -3*v + 140 - 91 = 4*v. Suppose m - 385 = -4*m. What is the hi